/(-30))/(4/10). Calculate the greatest common divisor of 19 and y.
19
Let o = 495 + -479. Calculate the greatest common factor of o and 728.
8
Let q(t) = -7*t - 43. Let w(z) = -z**2 - 13*z - 23. Let g be w(-12). Let x be q(g). Calculate the greatest common divisor of 51 and x.
17
Let j(y) = -y + 22. Let u be j(20). Let p(s) = -15*s + 26*s - 12 + u*s - s**2. Let r be p(8). Calculate the highest common divisor of r and 42.
14
Let k = 43 - 33. Suppose 3*o + 212 = -o. Let y = 123 + o. What is the highest common divisor of y and k?
10
Let d be 0 + 2 + 3 + -27. Let q = -18 - d. Suppose 3 - 11 = -q*s. What is the greatest common divisor of 6 and s?
2
Let c = -151 - -269. Suppose -r = -5*g + 3*g - 26, 0 = 3*r + 4*g - c. What is the highest common divisor of r and 119?
17
Let w be (-62)/217 + (2157/(-7))/3. Let i = -98 - w. Calculate the highest common factor of i and 1.
1
Let l be (48/20)/((-24)/(-450)). Calculate the highest common divisor of l and 18.
9
Let l be -2 - (2 - 10/1). Let z be 19 + -24 - (-10 - -2). Calculate the highest common factor of l and z.
3
Suppose -3*r - 2*s + 14 = -30, 2*r - s = 34. Let h be (-3)/2 - 27/2. Let c = h + 23. What is the greatest common divisor of r and c?
8
Let v(s) = s**3 - 6*s**2 + 4*s - 5. Let y be v(5). Let g be 172/(-12) + -3*8/(-72). Let u = y - g. Calculate the greatest common divisor of 6 and u.
2
Suppose -5*z = 10, 3*z = -2*b + 33 + 51. Suppose -3*d = -3*q + 13 - 76, -2*q + 30 = 2*d. What is the highest common factor of b and d?
9
Suppose 0 = -3*r + 140 + 112. Let y(h) = -2 - 5 + 3*h + 77*h**2 - 76*h**2. Let g be y(-7). Calculate the highest common divisor of r and g.
21
Let o(a) = 10*a**2 + a - 1. Let i be (-1 - -3)*(-2)/4. Let y be o(i). What is the greatest common divisor of 4 and y?
4
Suppose 0 = 3*z - 332 - 181. Let d = 60 + 90. Let h = d - 131. What is the greatest common factor of h and z?
19
Let d = 1636 - 1488. What is the highest common divisor of 111 and d?
37
Let h = 36 + -11. Suppose t - h = 15. Let u = -1 - -6. What is the greatest common divisor of t and u?
5
Let u(h) = h**2 - 2*h + 4. Let a be u(4). Suppose 6*s - 3*s - 3*z = a, 19 = 4*s - z. Let p = 24 + -9. Calculate the greatest common factor of p and s.
5
Let n = 601 + -584. Calculate the greatest common divisor of n and 17.
17
Let k(i) = 3*i + 42. Let w be k(-16). Let v be (-667)/(-69) - ((-4)/w - 1). Calculate the highest common factor of v and 20.
10
Let o(i) = 2*i**3 - 32*i**2 + 38*i - 66. Let x be o(15). What is the highest common divisor of x and 2862?
54
Suppose -h = 4*g - 2*h - 3, 5*h - 21 = 2*g. Let p be (-8 - -112)*8/g. What is the greatest common divisor of 52 and p?
52
Suppose -m - 12 = -5*x, 3*m - 16 = -3*x + 2. Suppose -2*z = -x*o - 21, -2*z + 11 = -o - 12. What is the highest common factor of 24 and z?
12
Suppose 659 + 93 = 8*o. Calculate the greatest common factor of 1504 and o.
94
Suppose -o = 4*o - 2*c - 15, 0 = -5*c. Suppose 0 = o*p - 6*p. Suppose -4*j + 3*v = -p*j - 621, -2*j - v = -303. What is the highest common divisor of 17 and j?
17
Suppose -5*k = -561 - 804. Let s = 67 - 28. Calculate the greatest common divisor of s and k.
39
Let c(o) = 9*o + 8*o + o**3 - 8*o**2 + 20 - 7*o - 2*o. Let y be c(7). What is the highest common factor of 270 and y?
27
Let c be (-1)/(1/10)*-2. What is the greatest common factor of 20 and c?
20
Suppose 4 = -4*m, 2*n - 4*m = -6 + 20. Calculate the highest common factor of 4 and n.
1
Let l be ((-78)/15)/((-9)/225). What is the highest common divisor of 20 and l?
10
Let x(p) = -4*p**3 - 139*p**2 + 23*p - 330. Let i be x(-35). Let w = 11 - 2. Suppose -w - 27 = -m. What is the greatest common factor of m and i?
18
Let t(p) = 3*p**2 + 7*p. Let v = 11 - 16. Let y be t(v). Suppose -136*u + 125*u + 88 = 0. Calculate the highest common divisor of u and y.
8
Let n(g) = -8*g + 267. Let j be n(21). Calculate the greatest common divisor of 2871 and j.
99
Suppose 2*u = 2*j, -4*j = 2*u + 129 - 147. What is the greatest common factor of 156 and j?
3
Suppose -27 = -4*k - 11. Let p(c) = -k*c + 1 - 5 + 3*c. Let q be p(-14). What is the highest common factor of q and 50?
10
Let w = -2477 - -2522. Let p(o) = 6*o - 3. Let a be p(3). Calculate the greatest common divisor of a and w.
15
Suppose 7*i - 3*i = 4*r - 72, 0 = 3*r - 5*i - 44. Let o = 1 + r. What is the highest common factor of 3 and o?
3
Suppose -42 = -4*o - 0*o - 5*u, 2*o + 4*u - 24 = 0. Let b be (-2 + 12/o)/(4/(-264)). Calculate the highest common factor of b and 231.
33
Let f = -17 + 21. Suppose f*x - 51 - 13 = 0. What is the greatest common divisor of x and 64?
16
Suppose 4*q = -0*q + 24. Suppose -q = -u + 84. Let j be (-32)/(-2) - 30/35*7. Calculate the highest common factor of j and u.
10
Suppose -57*f - 80 = -62*f. What is the highest common factor of 8 and f?
8
Suppose 3*q - 16 = -5*o - q, 0 = 5*o + 5*q - 20. Suppose 3*n - 239 - 1 = o. Calculate the highest common factor of n and 20.
20
Let t(v) = 3*v**2 + 9*v + 1. Let a be t(-7). Let x = 210 - a. What is the highest common divisor of 25 and x?
25
Let g = -62 - -58. Let d be (-80)/(-3)*g*(-36)/20. Let a = 20 + 4. Calculate the highest common divisor of a and d.
24
Suppose 0 = -3*m - 0*m + i + 12, 0 = i. Suppose 0*z = z + 5*c - 29, m*c - 54 = -3*z. What is the greatest common factor of 21 and z?
7
Let o be (1 - 0)*30/(-5). Let n(f) = 3*f - 4. Let h be n(o). Let r = h - -33. What is the greatest common divisor of r and 55?
11
Let k(n) = -n**3 - 9*n**2 - 8*n + 23. Let l be k(-8). What is the greatest common factor of 23 and l?
23
Let k(o) = -4*o + 112. Let t be k(24). Suppose 0*f + 2*f = -114. Let z = 89 + f. What is the greatest common factor of z and t?
16
Suppose 4*n - n = -3*o + 114, -3*n = o - 108. Suppose 4*k + 40 = -0*k. Let q be 2/(-5) - 144/k. What is the greatest common divisor of q and n?
7
Let i = -1014 + 1018. Let u = 6 - 2. What is the greatest common divisor of i and u?
4
Let d(j) = -76*j + 1466. Let f be d(19). Let g(u) = -37*u - 1. Let l be g(-3). Calculate the highest common factor of l and f.
22
Let q = 1087 + -1017. Let t be ((-7)/2)/(1/(-4)). Calculate the highest common factor of q and t.
14
Suppose -5*h = 25, -2*x + 4*h = 2*h - 302. Calculate the greatest common factor of 365 and x.
73
Let p = 1 - -1. Suppose -5*q - 4*n = -q - 20, 5*q = 4*n - p. What is the highest common divisor of q and 6?
2
Let i be ((-156)/117)/((-1)/6). Calculate the highest common divisor of 76 and i.
4
Suppose -469 = -r + j + 3*j, 5*j = 3*r - 1400. Calculate the highest common factor of 30 and r.
15
Let g be 2/(-8) - (-22649)/116. Suppose 4*t + 167 = g. What is the highest common divisor of 63 and t?
7
Suppose 0 = 2*d - 5*m - 15, 10*d + m + 26 = 15*d. Suppose 2*z + 0*z - 30 = 0. What is the greatest common factor of d and z?
5
Let q(n) = n + 2. Let f be (-6)/((-4)/8 - -2). Let s be q(f). Let r be (s - (-3)/(-3)) + 24. What is the highest common factor of 3 and r?
3
Let s be 8/44 - 1714/(-11). Suppose 2*k + k = s. Suppose 2*t = 5*j - 62, 4*j - k = t - 0*t. What is the greatest common divisor of 14 and j?
14
Let r = -13 + 12. Let x be r/(2*5/(-200)). Calculate the highest common factor of 30 and x.
10
Let n(p) = -2*p**3 - p**3 - 2*p**2 - 10*p + 13*p - 4. Let w be n(-3). Calculate the highest common factor of 100 and w.
50
Let l = 204 + -157. What is the greatest common divisor of l and 376?
47
Let j(s) = -17*s**3 - 6*s**2 - 13*s - 2. Let k be j(-2). What is the highest common factor of k and 8?
8
Let r(t) = -t**2 + 23*t - 36. Let g be r(11). What is the greatest common factor of g and 608?
32
Suppose 10*s = 9*s - g + 285, -2*g = 6. What is the highest common divisor of 36 and s?
36
Suppose 3*g - 16 = -2*k, 28 = 4*g - 3*k - k. Suppose -g*d + 78 = -222. Calculate the highest common divisor of d and 75.
25
Let x = 123 - 94. What is the highest common factor of x and 29?
29
Let z be 26/(-4)*(-308)/77. What is the highest common factor of 34 and z?
2
Suppose -20*a + 5712 = 14*a. Calculate the highest common factor of 462 and a.
42
Let h = 150 - 143. What is the highest common divisor of h and 14?
7
Let h = 270 - 243. What is the highest common factor of 459 and h?
27
Let i be 3/(6/22) + 1. Let g(d) = 4*d**2 - 37*d + 123. Let p be g(3). Calculate the greatest common divisor of p and i.
12
Let v(c) = 9*c